{"id":293,"date":"2012-10-05T09:47:53","date_gmt":"2012-10-05T07:47:53","guid":{"rendered":"http:\/\/www.aldenborg-at.de\/wp\/?page_id=293"},"modified":"2012-11-30T20:03:50","modified_gmt":"2012-11-30T18:03:50","slug":"converter-repair","status":"publish","type":"page","link":"https:\/\/www.aldenborg-at.de\/?page_id=293","title":{"rendered":"Converter &#038; Repair"},"content":{"rendered":"<div class=\"aatcont\">\n<div class=\"aatleft\">\n<img class=\"kachel1\" title=\"Becas Central Service\" src=\".\/wp\/wp-content\/uploads\/bcs.png\" alt=\"Becas Central Service\" \/><br \/>\n<img class=\"kachel1\" title=\"Modul Converter & Repair\" src=\".\/wp\/wp-content\/uploads\/convert.png\" alt=\"Modul Converter & Repair\" \/>\n<\/div>\n<div class=\"aatright\">\n<strong style=\"font-size: 150%;\">Eine m\u00fchevolle Aufgabe<\/strong><\/p>\n<p>Eine h\u00e4ufig zu Anfang nicht so sehr beachtete aber wichtige und m\u00fchebereitende Aufgabe. Wobei die Konvertierung hier weniger gemeint ist, sondern mehr die M\u00f6glichkeiten der Datenkontrolle und Reparatur.<\/p>\n<p>Selbst redundant aufzeichnende Systeme sind nicht gefeilt vor allen Aufzeichnungsausf\u00e4llen. F\u00e4llt z.B. ein Z\u00e4hler, ein Hilfsspannung, oder gleich eine komplette Erfassungstation o.\u00e4. aus wird nicht mehr aufgezeichnet. F\u00fcr solche F\u00e4lle kann bestenfalls auf Parallelaufzeichnungen zur\u00fcckgegriffen, oder auf Daten sonstiger Vergleichzeitr\u00e4ume.<\/p>\n<p><span class=\"aatz\">BECAS20<\/span> bietet hier die richtigen Tools um die Daten zu korrigieren. Tempor\u00e4re mathematische Verkn\u00fcpfungen sowie Nachverfolgung, Dokumentation der Reparatur und Reproduzierbarkeit der Daten sind selbstverst\u00e4ndlich.\n<\/p>\n<\/div>\n<\/div>\n<div class=\"aatextinfo\">\u25ba Fuer weiterf\u00fchrende Informationen bitte anmelden!<\/div>\n","protected":false},"excerpt":{"rendered":"<p>Eine m\u00fchevolle Aufgabe Eine h\u00e4ufig zu Anfang nicht so sehr beachtete aber wichtige und m\u00fchebereitende Aufgabe. Wobei die Konvertierung hier weniger gemeint ist, sondern mehr die M\u00f6glichkeiten der Datenkontrolle und Reparatur. Selbst redundant aufzeichnende Systeme sind nicht gefeilt vor allen &hellip; <a href=\"https:\/\/www.aldenborg-at.de\/?page_id=293\">Weiterlesen <span class=\"meta-nav\">&rarr;<\/span><\/a><\/p>\n","protected":false},"author":1,"featured_media":0,"parent":2,"menu_order":2,"comment_status":"closed","ping_status":"closed","template":"Becas20-page.php","meta":[],"_links":{"self":[{"href":"https:\/\/www.aldenborg-at.de\/index.php?rest_route=\/wp\/v2\/pages\/293"}],"collection":[{"href":"https:\/\/www.aldenborg-at.de\/index.php?rest_route=\/wp\/v2\/pages"}],"about":[{"href":"https:\/\/www.aldenborg-at.de\/index.php?rest_route=\/wp\/v2\/types\/page"}],"author":[{"embeddable":true,"href":"https:\/\/www.aldenborg-at.de\/index.php?rest_route=\/wp\/v2\/users\/1"}],"replies":[{"embeddable":true,"href":"https:\/\/www.aldenborg-at.de\/index.php?rest_route=%2Fwp%2Fv2%2Fcomments&post=293"}],"version-history":[{"count":17,"href":"https:\/\/www.aldenborg-at.de\/index.php?rest_route=\/wp\/v2\/pages\/293\/revisions"}],"predecessor-version":[{"id":835,"href":"https:\/\/www.aldenborg-at.de\/index.php?rest_route=\/wp\/v2\/pages\/293\/revisions\/835"}],"up":[{"embeddable":true,"href":"https:\/\/www.aldenborg-at.de\/index.php?rest_route=\/wp\/v2\/pages\/2"}],"wp:attachment":[{"href":"https:\/\/www.aldenborg-at.de\/index.php?rest_route=%2Fwp%2Fv2%2Fmedia&parent=293"}],"curies":[{"name":"wp","href":"https:\/\/api.w.org\/{rel}","templated":true}]}}