{"id":310,"date":"2012-10-05T10:10:44","date_gmt":"2012-10-05T08:10:44","guid":{"rendered":"http:\/\/www.aldenborg-at.de\/wp\/?page_id=310"},"modified":"2012-12-07T10:38:37","modified_gmt":"2012-12-07T08:38:37","slug":"projektmanagement","status":"publish","type":"page","link":"https:\/\/www.aldenborg-at.de\/?page_id=310","title":{"rendered":"Projektmanagement &#038; E-MSR"},"content":{"rendered":"<div class=\"aatcont\">\n<div class=\"aatleft\">\n<img class=\"kachel1\" title=\"Service und Kundenorientiert\" src=\".\/wp\/wp-content\/uploads\/haende.png\" alt=\"Service und Kundenorientiert\" \/><br \/>\n<img class=\"kachel1\" title=\"Engineering process control\" src=\".\/wp\/wp-content\/uploads\/pt2.png\" alt=\"Engineering process control\" \/><br \/>\n<img class=\"kachel1\" title=\"Fliesbilder und Messtechnik\" src=\".\/wp\/wp-content\/uploads\/firc.png\" alt=\"Fliesbilder und Messtechnik\" \/>\n<\/div>\n<div class=\"aatright\">\n<strong>Dienstleistungen im Bereich Projektmanagement der E-MSR- und Automatisierungstechnik:<\/strong><\/p>\n<ul>\n<li>Projektleitung und  Projektabwicklung<\/li>\n<li>Angebotserstellung und Kalkulation<\/li>\n<li>Bearbeitung und Erstellung von Pflichtenheften, Leistungsverzeichnissen und technischer Ausf\u00fchrungsplanung <\/li>\n<li>Kundenbetreuung<\/li>\n<li>Ausschreibungen, Angebotswesen, Kosten\u00fcberwachung, Terminf\u00fchrung<\/li>\n<li>Installations-, und Personaleinsatzplanung<\/li>\n<li>Baustellen\u00fcberwachung und Inbetriebnahme<\/li>\n<li>Dokumentation und Kundenschulung<\/li>\n<\/ul>\n<p><strong>Auszug realisierter Projekte aus den Bereichen:<\/strong><\/p>\n<ul>\n<li>industrielle Wasseraufbereitungsanlagen<\/li>\n<li>Kraftwerkstechnik<\/li>\n<li>Energieerzeugung und Energieverteilung<\/li>\n<li>Absorptionsk\u00e4lteanlagen<\/li>\n<li>Druckluftanlagen<\/li>\n<li>Wassergewinnungsanlagen<\/li>\n<li>Kl\u00e4ranlagen<\/li>\n<\/ul>\n<p><strong>Interessiert? Fragen Sie nach n\u00e4heren Informationen.<\/strong><\/p>\n<\/div>\n<\/div>\n","protected":false},"excerpt":{"rendered":"<p>Dienstleistungen im Bereich Projektmanagement der E-MSR- und Automatisierungstechnik: Projektleitung und Projektabwicklung Angebotserstellung und Kalkulation Bearbeitung und Erstellung von Pflichtenheften, Leistungsverzeichnissen und technischer Ausf\u00fchrungsplanung Kundenbetreuung Ausschreibungen, Angebotswesen, Kosten\u00fcberwachung, Terminf\u00fchrung Installations-, und Personaleinsatzplanung Baustellen\u00fcberwachung und Inbetriebnahme Dokumentation und Kundenschulung Auszug realisierter Projekte &hellip; <a href=\"https:\/\/www.aldenborg-at.de\/?page_id=310\">Weiterlesen <span class=\"meta-nav\">&rarr;<\/span><\/a><\/p>\n","protected":false},"author":1,"featured_media":0,"parent":159,"menu_order":1,"comment_status":"closed","ping_status":"closed","template":"AAT-page.php","meta":[],"_links":{"self":[{"href":"https:\/\/www.aldenborg-at.de\/index.php?rest_route=\/wp\/v2\/pages\/310"}],"collection":[{"href":"https:\/\/www.aldenborg-at.de\/index.php?rest_route=\/wp\/v2\/pages"}],"about":[{"href":"https:\/\/www.aldenborg-at.de\/index.php?rest_route=\/wp\/v2\/types\/page"}],"author":[{"embeddable":true,"href":"https:\/\/www.aldenborg-at.de\/index.php?rest_route=\/wp\/v2\/users\/1"}],"replies":[{"embeddable":true,"href":"https:\/\/www.aldenborg-at.de\/index.php?rest_route=%2Fwp%2Fv2%2Fcomments&post=310"}],"version-history":[{"count":33,"href":"https:\/\/www.aldenborg-at.de\/index.php?rest_route=\/wp\/v2\/pages\/310\/revisions"}],"predecessor-version":[{"id":920,"href":"https:\/\/www.aldenborg-at.de\/index.php?rest_route=\/wp\/v2\/pages\/310\/revisions\/920"}],"up":[{"embeddable":true,"href":"https:\/\/www.aldenborg-at.de\/index.php?rest_route=\/wp\/v2\/pages\/159"}],"wp:attachment":[{"href":"https:\/\/www.aldenborg-at.de\/index.php?rest_route=%2Fwp%2Fv2%2Fmedia&parent=310"}],"curies":[{"name":"wp","href":"https:\/\/api.w.org\/{rel}","templated":true}]}}