{"id":53,"date":"2012-09-19T20:56:21","date_gmt":"2012-09-19T18:56:21","guid":{"rendered":"http:\/\/www.aldenborg-at.de\/wp\/?page_id=53"},"modified":"2012-12-01T18:16:36","modified_gmt":"2012-12-01T16:16:36","slug":"controlling-abrechnung","status":"publish","type":"page","link":"https:\/\/www.aldenborg-at.de\/?page_id=53","title":{"rendered":"Controlling \/ Abrechnung"},"content":{"rendered":"<div class=\"aatcont\">\n<div class=\"aatleft\">\n<img class=\"kachel1\" title=\"Becas Central Service\" src=\".\/wp\/wp-content\/uploads\/bds.png\" alt=\"Becas Central Service\" \/><br \/>\n<img class=\"kachel1\" title=\"Modul Controlling \/ Abrechnung\" src=\".\/wp\/wp-content\/uploads\/euro.png\" alt=\"Modul Controlling \/ Abrechnung\" \/>\n<\/div>\n<div class=\"aatright\">\n<strong style=\"font-size: 150%;\">Transparenz und Sicherheit&#8230;<\/strong><\/p>\n<p>Das <span class=\"aatz\" title=\"BECAS Data Service\">BDS<\/span> Modul Controlling \/ Abrechnung setzt auf die erweiterte M\u00f6glichkeit des <span class=\"aatz\" title=\"BECAS Data Service\">BDS<\/span> mathematische Verkn\u00fcpfungen direkt bei der Abfrage von Datenpunkten  als Kostenstellen oder andere Abrechnungspositionen zu nutzen.<br \/>\nDas Modul erstellt aus den Datenarchiven Energie- und Betriebskostenabrechnungen nach Vorlage.  In der Vorlagenkonfiguration werden die zu verrechnenden Mess- und Z\u00e4hlerdaten entsprechenden Kosten- oder Abrechnungspositionen zugeordnet.\n<\/p>\n<p>kostenstellenorientierte Reports mit z.B.:<\/p>\n<ul>\n<li>Umlageverteilungen \u00fcber beliebige Kostenstellen<\/li>\n<li>Restkostenverteilungen zu 100% oder Verlustkostenstellen<\/li>\n<li>Abrechnung nach Leistung und Arbeit<\/li>\n<li>automatisierte Abrechnung<\/li>\n<li>Mandantenf\u00e4higkeit<\/li>\n<\/ul>\n<p>Nachvollziehbares Datencontrolling, pr\u00fcff\u00e4hige \u00c4nderungsprotokollierung,<br \/>\nbis zur ev. Rechnungsgenerierung ist alles m\u00f6glich.<\/p>\n<\/div>\n<\/div>\n<div class=\"aatextinfo\">\u25ba Fuer weiterf\u00fchrende Informationen bitte anmelden!<\/div>\n","protected":false},"excerpt":{"rendered":"<p>Transparenz und Sicherheit&#8230; Das Modul Controlling \/ Abrechnung setzt auf die erweiterte M\u00f6glichkeit des mathematische Verkn\u00fcpfungen direkt bei der Abfrage von Datenpunkten als Kostenstellen oder andere Abrechnungspositionen zu nutzen. Das Modul erstellt aus den Datenarchiven Energie- und Betriebskostenabrechnungen nach Vorlage. &hellip; <a href=\"https:\/\/www.aldenborg-at.de\/?page_id=53\">Weiterlesen <span class=\"meta-nav\">&rarr;<\/span><\/a><\/p>\n","protected":false},"author":1,"featured_media":0,"parent":264,"menu_order":1,"comment_status":"closed","ping_status":"closed","template":"Becas20-page.php","meta":[],"_links":{"self":[{"href":"https:\/\/www.aldenborg-at.de\/index.php?rest_route=\/wp\/v2\/pages\/53"}],"collection":[{"href":"https:\/\/www.aldenborg-at.de\/index.php?rest_route=\/wp\/v2\/pages"}],"about":[{"href":"https:\/\/www.aldenborg-at.de\/index.php?rest_route=\/wp\/v2\/types\/page"}],"author":[{"embeddable":true,"href":"https:\/\/www.aldenborg-at.de\/index.php?rest_route=\/wp\/v2\/users\/1"}],"replies":[{"embeddable":true,"href":"https:\/\/www.aldenborg-at.de\/index.php?rest_route=%2Fwp%2Fv2%2Fcomments&post=53"}],"version-history":[{"count":19,"href":"https:\/\/www.aldenborg-at.de\/index.php?rest_route=\/wp\/v2\/pages\/53\/revisions"}],"predecessor-version":[{"id":818,"href":"https:\/\/www.aldenborg-at.de\/index.php?rest_route=\/wp\/v2\/pages\/53\/revisions\/818"}],"up":[{"embeddable":true,"href":"https:\/\/www.aldenborg-at.de\/index.php?rest_route=\/wp\/v2\/pages\/264"}],"wp:attachment":[{"href":"https:\/\/www.aldenborg-at.de\/index.php?rest_route=%2Fwp%2Fv2%2Fmedia&parent=53"}],"curies":[{"name":"wp","href":"https:\/\/api.w.org\/{rel}","templated":true}]}}